4) to base 7
-4
Convert 0 (base 5) to base 11.
0
What is 38 (base 10) in base 7?
53
-2 (base 6) to base 4
-2
What is -10 (base 5) in base 15?
-5
Convert -2 (base 8) to base 10.
-2
241 (base 6) to base 16
61
Convert 208 (base 11) to base 16.
fa
-3 (base 7) to base 6
-3
-125 (base 8) to base 5
-320
What is 17 (base 11) in base 4?
102
6 (base 9) to base 15
6
-102 (base 3) to base 12
-b
What is 1 (base 2) in base 10?
1
-44 (base 15) to base 13
-4c
3 (base 9) to base 12
3
Convert -247 (base 11) to base 9.
-355
3 (base 12) to base 3
10
1 (base 16) to base 11
1
Convert -34 (base 13) to base 2.
-101011
Convert -143 (base 5) to base 4.
-300
-44 (base 12) to base 13
-40
Convert -1 (base 6) to base 16.
-1
44 (base 14) to base 16
3c
Convert 2 (base 4) to base 2.
10
Convert -3 (base 4) to base 10.
-3
Convert -120 (base 6) to base 16.
-30
-1f (base 16) to base 12
-27
-222 (base 6) to base 2
-1010110
What is -9 (base 11) in base 4?
-21
Convert 11001001 (base 2) to base 4.
3021
-3 (base 11) to base 5
-3
33 (base 16) to base 5
201
142 (base 10) to base 6
354
127 (base 9) to base 14
78
What is 4 (base 5) in base 8?
4
216 (base 8) to base 11
11a
What is -86 (base 11) in base 16?
-5e
-2 (base 16) to base 6
-2
Convert -20 (base 13) to base 6.
-42
What is -9 (base 10) in base 4?
-21
-10 (base 4) to base 3
-11
Convert 2 (base 16) to base 11.
2
Convert -103 (base 5) to base 14.
-20
4 (base 9) to base 7
4
What is -300 (base 4) in base 3?
-1210
What is -7 (base 16) in base 8?
-7
2012 (base 4) to base 9
158
Convert -4 (base 16) to base 3.
-11
122 (base 3) to base 10
17
What is 3 (base 16) in base 2?
11
Convert -17 (base 10) to base 9.
-18
What is -23 (base 10) in base 7?
-32
14 (base 10) to base 6
22
What is -30 (base 8) in base 15?
-19
What is -2 (base 16) in base 10?
-2
What is 42 (base 13) in base 14?
3c
What is -22 (base 10) in base 8?
-26
Convert -2100 (base 3) to base 14.
-47
Convert 0 (base 16) to base 15.
0
Convert 3 (base 15) to base 5.
3
Convert 32 (base 4) to base 15.
e
What is 101 (base 2) in base 10?
5
Convert -6 (base 15) to base 2.
-110
Convert -134 (base 6) to base 12.
-4a
Convert 10001 (base 2) to base 11.
16
Convert 5 (base 14) to base 16.
5
What is 2 (base 5) in base 10?
2
What is -262 (base 7) in base 5?
-1032
-19 (base 15) to base 3
-220
-112 (base 4) to base 10
-22
-3 (base 16) to base 4
-3
-3 (base 12) to base 8
-3
10 (base 5) to base 9
5
What is -100 (base 2) in base 3?
-11
-3 (base 16) to base 7
-3
-223 (base 6) to base 10
-87
What is -9 (base 10) in base 6?
-13
What is -56 (base 10) in base 8?
-70
344 (base 7) to base 6
455
What is -82 (base 13) in base 4?
-1222
Convert 0 (base 3) to base 8.
0
Convert -102 (base 6) to base 15.
-28
What is -122 (base 4) in base 5?
-101
Convert -38 (base 12) to base 6.
-112
3 (base 9) to base 10
3
Convert -2 (base 6) to base 16.
-2
What is 23 (base 6) in base 10?
15
What is 0 (base 6) in base 9?
0
What is 30 (base 11) in base 12?
29
What is 0 (base 11) in base 8?
0
What is 325 (base 8) in base 5?
1323
0 (base 5) to base 12
0
Convert -2 (base 12) to base 11.
-2
Convert -10 (base 6) to base 16.
-6
Convert 1 (base 8) to base 14.
1
What is -19 (base 14) in base 11?
-21
-102 (base 4) to base 13
-15
What is -f (base 16) in base 4?
-33
2 (base 3) to base 16
2
Convert -422 (base 6) to base 2.
-10011110
What is 10010 (base 2) in base 7?
24
-13 (base 4) to base 2
-111
a (base 14) to base 3
101
Convert -1 (base 12) to base 5.
-1
Convert -10 (base 3) to base 9.
-3
-100 (base 2) to base 4
-10
Convert -37 (base 16) to base 11.
-50
What is 9 (base 14) in base 16?
9
What is -3 (base 14) in base 2?
-11
What is 7b (base 14) in base 12?
91
What is -10000 (base 4) in base 3?
-100111
-104 (base 6) to base 2
-101000
What is -3 (base 13) in base 5?
-3
3 (base 6) to base 3
10
Convert 121 (base 11) to base 3.
12100
1103 (base 4) to base 14
5d
Convert -300 (base 4) to base 9.
-53
What is 21 (base 9) in base 4?
103
-225 (base 9) to base 4
-2321
What is 4 (base 6) in base 9?
4
What is -21 (base 3) in base 13?
-7
Convert -2 (base 6) to base 3.
-2
What is -413 (base 5) in base 16?
-6c
Convert -9 (base 16) to base 12.
-9
-2e (base 15) to base 2
-101100
0 (base 16) to base 2
0
What is 1 (base 10) in base 11?
1
Convert 1b (base 14) to base 12.
21
-10001011 (base 2) to base 12
-b7
5 (base 6) to base 12
5
163 (base 9) to base 14
9c
Convert 1 (base 5) to base 15.
1
Convert -34 (base 8) to base 4.
-130
What is 10 (base 4) in base 7?
4
Convert 53 (base 7) to base 12.
32
-1 (base 10) to base 11
-1
5 (base 16) to base 8
5
Convert 10000111 (base 2) to base 11.
113
-11 (base 6) to base 12
-7
What is -3121 (base 4) in base 5?
-1332
Convert -25 (base 9) to base 10.
-23
Convert -20 (base 4) to base 13.
-8
c9 (base 16) to base 4
3021
Convert 113 (base 6) to base 16.
2d
Convert -34 (base 6) to base 12.
-1a
What is 1010101 (base 2) in base 13?
67
2a (base 12) to base 5
114
What is 23 (base 16) in base 12?
2b
Convert -3 (base 11) to base 13.
-3
What is -12 (base 12) in base 15?
-e
-216 (base 9) to base 5
-1202
What is 3 (base 8) in base 11?
3
-261 (base 7) to base 14
-a1
Convert 25 (base 16) to base 2.
100101
22 (base 10) to base 13
19
Convert 2 (base 10) to base 16.
2
-42 (base 12) to base 4
-302
What is -5 (base 8) in base 12?
-5
Convert a (base 12) to base 5.
20
What is 0 (base 15) in base 12?
0
Convert -e (base 15) to base 11.
-13
What is 19 (base 11) in base 8?
24
-11 (base 4) to base 15
-5
What is 16 (base 10) in base 14?
12
What is d (base 14) in base 2?
1101
What is 1 (base 7) in base 3?
1
Convert 1d (base 16) to base 4.
131
Convert -4 (base 6) to base 5.
-4
-5 (base 7) to base 3
-12
34 (base 6) to base 3
211
Convert -9 (base 14) to base 4.
-21
Convert 100000 (base 2) to base 5.
112
10 (base 10) to base 11
a
-12 (base 8) to base 6
-14
Convert 2 (base 9) to base 7.
2
Convert 1103 (base 4) to base 15.
58
Convert 21 (base 4) to base 14.
9
What is 102 (base 4) in base 12?
16
Convert -4 (base 13) to base 10.
-4
-69 (base 15) to base 10
-99
What is 0 (base 7) in base 14?
0
Convert 5 (base 11) to base 12.
5
What is 2 (base 15) in base 6?
2
-1 (base 5) to base 10
-1
2 (base 5) to base 4
2
-2 (base 6) to base 15
-2
Convert 1 (base 5) to base 11.
1
7 (base 9) to base 11
7
What is 3a (base 12) in base 9?
51
-1101 (base 4) to base 12
-69
Convert -2 (base 6) to base 4.
-2
What is -2 (base 9) in base 5?
-2
-1240 (base 5) to base 10
-195
What is -2b (base 16) in base 3?
-1121
What is 46 (base 8) in base 5?
123
1a (base 12) to base 11
20
What is -7 (base 14) in base 6?
-11
2 (base 7) to base 15
2
-23 (base 7) to base 14
-13
What is -110000 (base 2) in base 6?
-120
Convert 4 (base 8) to base 12.
4
Convert -113 (base 4) to base 9.
-25
10 (base 2) to base 12
2
-111 (base 3) to base 14
-d
Convert 5 (base 8) to base 2.
101
What is 6 (base 8) in base 10?
6
Convert -22 (base 4) to base 14.
-a
-112 (base 7) to base 9
-64
What is -1 (base 7) in base 2?
-1
What is 8 (base 9) in base 6?
12
What is 0 (base 12) in base 13?
0
Convert 14 (base 5) to base 10.
9
Convert 6 (base 15) to base 4.
12
Convert -4 (base 11) to base 12.
-4
118 (base 11) to base 9
165
Convert -6 (base 13) to base 11.
-6
Convert -74 (base 14) to base 5.
-402
-11 (base 4) to base 10
-5
Convert 1d (base 14) to base 16.
1b
7 (base 12) to base 11
7
Convert a (base 16) to base 10.
10
-3 (base 10) to base 3
-10
What is -1 (base 15) in base 3?
-1
79 (base 16) to base 7
232
Convert -a (base 16) to base 9.
-11
What is -149 (base 15) in base 8?
-446
What is 555 (base 6) in base 8?
327
-2 (base 13) to base 11
-2
Convert -222 (base 4) to base 13.
-33
What is 5d (base 16) in base 8?
135
Convert -101000 (base 2) to base 13.
-31
Convert -1101 (base 3) to base 2.
-100101
What is 82 (base 10) in base 2?
1010010
What is -3 (base 6) in base 13?
-3
Convert 5 (base 8) to base 5.
10
What is 20 (base 13) in base 12?
22
Convert 4 (base 14) to base 5.
4
Convert -2 (base 3) to base 11.
-2
What is -21 (base 4) in base 14?
-9
Convert 6 (base 12) to base 3.
20
-16 (base 13) to base 14
-15
Convert -11010 (base 3) to base 15.
-76
Convert -11 (base 10) to base 5.
-21
-3 (base 6) to base 3
-10
Convert 5 (base 14) to base 5.
10
Convert -10b (base 16) to base 14.
-151
Convert -2 (base 3) to base 10.
-2
Convert e (base 16) to base 9.
15
Conver